Calculate the greatest common factor of x and 23.
23
Suppose -d - 51 = 5*f, 5*f - 140 + 11 = 4*d. Let t = -15 + 35. Let c be ((-24)/5)/(-2 - d/t). What is the highest common factor of 120 and c?
24
Let u = 6877 - 6702. What is the highest common factor of u and 100?
25
Let k = -955 - -963. Calculate the greatest common divisor of 54 and k.
2
Let u be (6/(-9))/(((-11)/6)/11). Suppose 4*g + 2*p - 6*p - 32 = 0, 5*g + u*p = 13. Suppose -2*s - g = -3*s. Calculate the highest common divisor of s and 10.
5
Suppose -32*q + 209510 = -13*q + 16*q. What is the greatest common divisor of 82 and q?
82
Suppose 2*b + 5*n = n, 2*b - 6 = 2*n. Let j be (-136)/(-10) + b/5. Suppose -40*p = -42*p + 56. Calculate the greatest common divisor of p and j.
14
Let z be (3/6)/(-1)*0. Suppose 2*c - c - 41 = -4*r, -5*c + 5*r + 80 = z. Let j = c + -3. What is the highest common divisor of j and 126?
18
Let u be ((-5940)/(-77))/(((-40)/(-42))/10). Calculate the greatest common factor of u and 855.
45
Let t be (17/(-2) - (11 - 22))*564/10. Calculate the highest common factor of t and 611.
47
Let d(q) = 2*q - 4. Suppose -16*k = -19*k + 6. Let i be d(k). Let g be (7/(-4) - i)/((-6)/792). Calculate the greatest common factor of 21 and g.
21
Let c = 10764 - 2353. Let b be ((-4)/(-3))/(2 + c/(-4212)). What is the greatest common divisor of b and 162?
54
Suppose 16*p = 395 + 37. Suppose 3*j - 138 = -3*z, -2*j + 170 = 4*z - 12. Calculate the highest common divisor of z and p.
9
Suppose -5*r = -4*v + 60219, 0 = -3*v - 14*r + 16*r + 45159. What is the highest common divisor of 174 and v?
87
Let k(l) = -21*l**2 - 3*l - 8. Let m be k(-3). Let z = -76 - m. Let c = 18 + z. What is the highest common divisor of c and 26?
26
Let w be (1360/(-17))/10 + 3588. Calculate the greatest common divisor of w and 20.
20
Suppose -4*l + 2*g + 0*g = 12, 0 = 5*g + 10. Let b be (-1)/l - ((-474)/24 - -6). Calculate the greatest common factor of b and 42.
14
Let f(c) = 3*c**2 - 2*c - 2. Let h be f(2). Suppose -o - 5*b + 104 = -3*b, -3*b + 492 = 5*o. Calculate the greatest common divisor of o and h.
6
Suppose -35898*k = -35876*k + 22. Let f(z) = -57*z + 2. Let s be f(-4). Let q be s/(-20)*10/k. What is the highest common divisor of 46 and q?
23
Let z(i) = -120*i - 2141. Let k be z(-18). Let c be 38/(-3*4/(-6)). Calculate the highest common divisor of k and c.
19
Let w(l) = -l**2. Let c(f) = f**3 + f**2 - 6*f + 13. Let p(o) = c(o) + 5*w(o). Let s be p(5). Calculate the highest common factor of s and 24.
8
Suppose 0 = u - 3*x - 85, 2*x + 280 = 3*u + 32. Suppose -3*a + 202 = u. What is the greatest common factor of a and 520?
40
Suppose -4*t - t = -625. Suppose 5*v - t = 10. Suppose 0 = 9*h + 5*h - 1890. Calculate the greatest common factor of v and h.
27
Suppose -25*d + 378 = -4*d. Suppose -g + 14 = p, 0 = -p - p + 3*g + d. What is the highest common divisor of p and 28?
4
Suppose -23*u = 3*u - 130. Suppose o + z - 12 = 21, z + 135 = u*o. Calculate the greatest common factor of o and 28.
28
Let r = -13298 - -13343. What is the greatest common factor of r and 27225?
45
Let r be ((-3)/12)/((-46)/22816). What is the greatest common factor of r and 3782?
62
Let b = -10205 + 10855. Calculate the highest common factor of b and 806.
26
Let i be 118 - 118 - (-8 - 0). Suppose 49*p - 29*p - 4320 = 0. What is the greatest common divisor of i and p?
8
Let q(k) = -9*k - 54. Let h be q(-8). Suppose -d + 7 = 4*x + h, -5*d + 5*x + 20 = 0. What is the greatest common factor of 2 and d?
1
Suppose -5*b - 15*b + 1220 = 0. Let g = -53 + b. Calculate the greatest common factor of 68 and g.
4
Let m(h) = -h**2 - 14*h - 18. Let g be m(-12). Suppose -g*k = -16*k + 40. Suppose -j = p + 8 - 20, j = -k*p + 6. What is the highest common divisor of 21 and j?
7
Let m be 490/(-120)*-6*2. Let c = 113 - 64. What is the highest common divisor of m and c?
49
Let y = 120 - 43. Let p = y - -148. Suppose -4*w + 123 = 3*d, d = -0*d - 4*w + 33. What is the highest common divisor of p and d?
45
Let s be (166/6 - (-18)/(-27)) + 0/12. What is the greatest common divisor of s and 96?
3
Suppose 6*m = 7*m - 80. Let l = 200 - m. Let j(d) = -375*d + 798. Let b be j(2). Calculate the greatest common divisor of b and l.
24
Let z be (16/(-28))/(14/(-147)). Let n(v) = v**3 - 6*v**2 + 4*v. Let a be n(z). Calculate the greatest common divisor of 192 and a.
24
Suppose 2*o + 88*t - 87*t - 3630 = 0, 1815 = o + 5*t. Calculate the highest common factor of o and 15.
15
Let m = 16927 + -16771. What is the greatest common factor of 6136 and m?
52
Let f be -2 + (1 - 10) + 77. What is the highest common divisor of 144 and f?
6
Let s(w) = 99*w + 22. Let x be s(0). Calculate the greatest common divisor of x and 3091.
11
Let y(t) = 3*t - 3. Let j(d) = -d - 2. Let n(l) = -2*j(l) - y(l). Let b be n(-24). Suppose -v = 2*v - 1023. Calculate the greatest common factor of b and v.
31
Let j be (-12)/15*(-50)/(-20) - 24. Let z(n) = 12*n + 319. Let d be z(j). Calculate the highest common factor of d and 112.
7
Suppose 4*c - 354 = q, -25*c = -24*c + 4*q - 80. What is the greatest common divisor of 4136 and c?
88
Let z be 3*(-2 + -1) + 14 + (2130 - -5). What is the highest common factor of z and 80?
20
Suppose -4*f - 3*q = -1, -q = -15*f - 1 + 17. What is the greatest common factor of f and 188?
1
Suppose 2*c - 80 = -6*c. Let s = c + -6. Suppose s*p - 10*p + 1968 = 0. Calculate the greatest common divisor of p and 41.
41
Suppose 16*r - 43*r = -189. Let c be (-844)/(-6) + 2/(-3). Suppose 0*o - r*o + c = 0. Calculate the greatest common divisor of 8 and o.
4
Let o be (221 - -1) + (-38)/(-19). Suppose 0 = 4*h - 51 - 1. Suppose -2*f + 51 + h = 0. Calculate the highest common factor of f and o.
32
Suppose -4*s + 2798 = 4*l + 82, -2*s + 1356 = 4*l. What is the highest common factor of s and 9350?
170
Suppose 2*b + 10*v - 5*v - 6 = 0, -v + 8 = -3*b. Let n be 13/((b/(-26)*1)/2). What is the greatest common factor of 52 and n?
26
Let o(c) = -1 - 19*c + 7*c**2 + c**2 + 19*c. Let f be o(-1). Calculate the highest common divisor of 56 and f.
7
Let p = -28 + -6. Let f = p + 38. Suppose 0 = -d - f*h + 26, -64 = -4*d - 2*h + 6*h. Calculate the highest common factor of 36 and d.
18
Let b(l) = 4*l**3 - 2*l**2 - 74*l - 12. Let h be b(8). What is the highest common divisor of 423 and h?
47
Suppose 20*m + 40*m = 13*m + 29375. What is the highest common factor of m and 15?
5
Let r = -21 - -164. Suppose h = 2*h - r. Suppose h*f = 144*f - 13. Calculate the greatest common factor of f and 1.
1
Suppose 0 = -2*v - 3*g + 705, -6*v + 5*g = -10*v + 1413. What is the greatest common factor of v and 567?
21
Let k = 55 + -11. Let z be (-5)/(-4)*(6 + 14/1). Suppose -25*b - z*b + 4400 = 0. What is the highest common divisor of b and k?
44
Suppose -89*w - 131*w + 11440 = 0. Calculate the greatest common factor of w and 1079.
13
Let v be (8/(-10))/(6/(-45)). Suppose v*j - 9 = 9*j, -472 = -4*f + 4*j. Calculate the greatest common divisor of f and 46.
23
Suppose -4*t = -375*u + 372*u + 3054, 0 = -4*u - 3*t + 4122. Calculate the highest common divisor of 7011 and u.
171
Suppose -153*l - 1111 + 34672 = 1737. What is the highest common factor of 2782 and l?
26
Let k be 21*(-5 + 1 + (-460)/(-28)). Calculate the highest common factor of 1537 and k.
29
Suppose -2 = -t + 6. Suppose -2*x - t = -4*x. Let c be -6*-4*12/9. Calculate the greatest common factor of x and c.
4
Suppose -4*x = u - 1, -49*u + 4*x + 4 = -45*u. What is the greatest common factor of 1 and u?
1
Let s(x) = 128 + 147*x - 373 + 158. Let h be s(3). What is the greatest common factor of h and 6?
6
Let v be ((-912)/112 + -12)*-7. What is the greatest common divisor of v and 4841?
47
Let d be (-888)/(-72)*-216*(0 - 3/2). Calculate the highest common divisor of 740 and d.
148
Let z be (186/(-12))/((-9656)/1072 - 27/(-3)). Calculate the highest common factor of z and 469.
67
Suppose -588*l + 684 = 590*l - 1159*l. Calculate the greatest common factor of l and 2676.
12
Suppose -46 = 2*h - 198. Suppose m - 82 = -h. Calculate the highest common divisor of m and 222.
6
Let r be (12/(-9))/((-2)/144). Let y = -172058 - -172061. What is the highest common divisor of y and r?
3
Let s be (-3)/((-5)/((-50)/6)). Let v be 42/(-9)*(s + 2). Suppose 278 = 4*z + z - m, 222 = 4*z - m. 